{"id":9,"date":"2015-07-08T12:36:29","date_gmt":"2015-07-08T10:36:29","guid":{"rendered":"http:\/\/tagesmutter-in-graben-neudorf.de\/?page_id=9"},"modified":"2023-01-17T12:06:46","modified_gmt":"2023-01-17T11:06:46","slug":"impressum","status":"publish","type":"page","link":"https:\/\/tagesmutter-in-graben-neudorf.de\/?page_id=9","title":{"rendered":"Impressum"},"content":{"rendered":"<p><strong>Tagesmutter<\/strong><br \/>\nChristin Kanowitz und Francesca Corsi<br \/>\nMagdeburger Stra\u00dfe 2<\/p>\n<p>76676 Graben-Neudorf<\/p>\n<p>Tel.: 01520 &#8211; 2601650<\/p>\n<p>info@tagesmutter-in-graben-neudorf.de<\/p>\n<p>Inhaltlich verantwortlich gem\u00e4\u00df \u00a710 Abs. 3 MDStV: Christian Kanowitz, Lise-Meitner-Str. 1, 76676 Graben-Neudorf<\/p>\n<p>Umsatzsteuer-Identifikationsnummer gem\u00e4\u00df \u00a727 a Umsatzsteuergesetz:<br \/>\nUmsatzsteuerbefreit nach \u00a74 Nr. 25<\/p>\n","protected":false},"excerpt":{"rendered":"<div class=\"mh-excerpt\"><p>Tagesmutter Christin Kanowitz und Francesca Corsi Magdeburger Stra\u00dfe 2 76676 Graben-Neudorf Tel.: 01520 &#8211; 2601650 info@tagesmutter-in-graben-neudorf.de Inhaltlich verantwortlich gem\u00e4\u00df \u00a710 Abs. 3 MDStV: Christian Kanowitz, Lise-Meitner-Str. 1, 76676 Graben-Neudorf Umsatzsteuer-Identifikationsnummer gem\u00e4\u00df \u00a727 a Umsatzsteuergesetz: Umsatzsteuerbefreit <a class=\"mh-excerpt-more\" href=\"https:\/\/tagesmutter-in-graben-neudorf.de\/?page_id=9\" title=\"Impressum\">[&#8230;]<\/a><\/p>\n<\/div>","protected":false},"author":1,"featured_media":0,"parent":0,"menu_order":0,"comment_status":"closed","ping_status":"closed","template":"","meta":{"footnotes":""},"_links":{"self":[{"href":"https:\/\/tagesmutter-in-graben-neudorf.de\/index.php?rest_route=\/wp\/v2\/pages\/9"}],"collection":[{"href":"https:\/\/tagesmutter-in-graben-neudorf.de\/index.php?rest_route=\/wp\/v2\/pages"}],"about":[{"href":"https:\/\/tagesmutter-in-graben-neudorf.de\/index.php?rest_route=\/wp\/v2\/types\/page"}],"author":[{"embeddable":true,"href":"https:\/\/tagesmutter-in-graben-neudorf.de\/index.php?rest_route=\/wp\/v2\/users\/1"}],"replies":[{"embeddable":true,"href":"https:\/\/tagesmutter-in-graben-neudorf.de\/index.php?rest_route=%2Fwp%2Fv2%2Fcomments&post=9"}],"version-history":[{"count":10,"href":"https:\/\/tagesmutter-in-graben-neudorf.de\/index.php?rest_route=\/wp\/v2\/pages\/9\/revisions"}],"predecessor-version":[{"id":398,"href":"https:\/\/tagesmutter-in-graben-neudorf.de\/index.php?rest_route=\/wp\/v2\/pages\/9\/revisions\/398"}],"wp:attachment":[{"href":"https:\/\/tagesmutter-in-graben-neudorf.de\/index.php?rest_route=%2Fwp%2Fv2%2Fmedia&parent=9"}],"curies":[{"name":"wp","href":"https:\/\/api.w.org\/{rel}","templated":true}]}}