{"id":75,"date":"2016-01-10T11:15:00","date_gmt":"2016-01-10T10:15:00","guid":{"rendered":"http:\/\/tagesmutter-in-graben-neudorf.de\/?page_id=75"},"modified":"2017-02-07T09:10:24","modified_gmt":"2017-02-07T08:10:24","slug":"wo-ist-der-honigtiger","status":"publish","type":"page","link":"https:\/\/tagesmutter-in-graben-neudorf.de\/?page_id=75","title":{"rendered":"Was und wo ist der HonigTigeR"},"content":{"rendered":"<h2>Wo Sie uns als Tagesmutter finden<\/h2>\n<p>U<img loading=\"lazy\" decoding=\"async\" class=\"alignleft size-full wp-image-155\" src=\"https:\/\/tagesmutter-in-graben-neudorf.de\/wp-content\/uploads\/2016\/01\/Willkommen-001.jpg\" alt=\"\" width=\"160\" height=\"120\" \/>nsere Kindertagespflege \u201eHonigTigeR\u201c wird zum ersten Mal im M\u00e4rz 2017 ihre T\u00fcren \u00f6ffnen.<\/p>\n<p>Die R\u00e4umlichkeiten befinden sich in einem sch\u00f6nen, gepflegten Mehrfamilienhaus mit einer gro\u00dfen Terrasse in der Magdeburger Stra\u00dfe 2 in 76676 Graben-Neudorf. Unsere Stra\u00dfe ist eine Spielstra\u00dfe. In unmittelbarer N\u00e4he befindet sich der Gemeindekindergarten Sonnenschein. Unser TigeR hat mehrere R\u00e4ume und bietet auf insgesamt 150 qm, auf einer Etage, gen\u00fcgend Raum zum spielen, essen und schlafen.<\/p>\n<p>Im Eingangsbereich befindet sich die Garderobe f\u00fcr unsere Tageskinder. Hier hat jedes Kind seinen eigenen Platz f\u00fcr Jacke, Schuhe und bei kalten Temperaturen auch f\u00fcr M\u00fctze und Schal.<\/p>\n<p><img loading=\"lazy\" decoding=\"async\" class=\"alignright size-full wp-image-157\" src=\"https:\/\/tagesmutter-in-graben-neudorf.de\/wp-content\/uploads\/2016\/01\/Podest-001.jpg\" alt=\"\" width=\"160\" height=\"120\" \/>In unserem Gruppenraum, sowie im Bewegungsraum haben wir sehr viel Platz zum Spielen, Toben und Basteln. Unsere Kuschelecke l\u00e4dt zum Ausruhen und entspannen ein. Im gem\u00fctlichen Schlafraum hat jedes Kind sein eigenes Bett.<\/p>\n<p>Vom Bewegungsraum aus kommt man auf unsere gro\u00dfe Terrasse. Hier k\u00f6nnen sich unsere Tageskinder auf der Rutsche oder im Spielhaus so richtig austoben. In unserer kleinen Obst Ecke d\u00fcrfen unsere Tageskinder im Sommer frisches Obst selbst ernten und nat\u00fcrlich auch essen. Die Terrasse ist rundum mit einem Zaun gesch\u00fctzt.<\/p>\n<p><img loading=\"lazy\" decoding=\"async\" class=\"alignleft size-full wp-image-158\" src=\"https:\/\/tagesmutter-in-graben-neudorf.de\/wp-content\/uploads\/2016\/01\/Badezimmer-001.jpg\" alt=\"\" width=\"160\" height=\"120\" \/>In unserer ger\u00e4umigen K\u00fcche wird das Essen t\u00e4glich frisch zubereitet, An unserem gro\u00dfen Esstisch finden alle Kinder ausreichend Platz, um sich die Mahlzeit schmecken zu lassen.<\/p>\n<p>Im Badezimmer gibt es f\u00fcr jedes Kind ein eigenes Handtuch. Es gibt nat\u00fcrlich auch eine kleine Toilette f\u00fcr die, die schon ohne Windel auskommen. Wir haben einen separaten Wickelraum mit einer kleinen Badewanne, sollte mal etwas danebengehen.<\/p>\n","protected":false},"excerpt":{"rendered":"<div class=\"mh-excerpt\"><p>Wo Sie uns als Tagesmutter finden Unsere Kindertagespflege \u201eHonigTigeR\u201c wird zum ersten Mal im M\u00e4rz 2017 ihre T\u00fcren \u00f6ffnen. Die R\u00e4umlichkeiten befinden sich in einem sch\u00f6nen, gepflegten Mehrfamilienhaus mit einer gro\u00dfen Terrasse in der Magdeburger <a class=\"mh-excerpt-more\" href=\"https:\/\/tagesmutter-in-graben-neudorf.de\/?page_id=75\" title=\"Was und wo ist der HonigTigeR\">[&#8230;]<\/a><\/p>\n<\/div>","protected":false},"author":1,"featured_media":0,"parent":0,"menu_order":0,"comment_status":"closed","ping_status":"closed","template":"","meta":{"footnotes":""},"_links":{"self":[{"href":"https:\/\/tagesmutter-in-graben-neudorf.de\/index.php?rest_route=\/wp\/v2\/pages\/75"}],"collection":[{"href":"https:\/\/tagesmutter-in-graben-neudorf.de\/index.php?rest_route=\/wp\/v2\/pages"}],"about":[{"href":"https:\/\/tagesmutter-in-graben-neudorf.de\/index.php?rest_route=\/wp\/v2\/types\/page"}],"author":[{"embeddable":true,"href":"https:\/\/tagesmutter-in-graben-neudorf.de\/index.php?rest_route=\/wp\/v2\/users\/1"}],"replies":[{"embeddable":true,"href":"https:\/\/tagesmutter-in-graben-neudorf.de\/index.php?rest_route=%2Fwp%2Fv2%2Fcomments&post=75"}],"version-history":[{"count":9,"href":"https:\/\/tagesmutter-in-graben-neudorf.de\/index.php?rest_route=\/wp\/v2\/pages\/75\/revisions"}],"predecessor-version":[{"id":210,"href":"https:\/\/tagesmutter-in-graben-neudorf.de\/index.php?rest_route=\/wp\/v2\/pages\/75\/revisions\/210"}],"wp:attachment":[{"href":"https:\/\/tagesmutter-in-graben-neudorf.de\/index.php?rest_route=%2Fwp%2Fv2%2Fmedia&parent=75"}],"curies":[{"name":"wp","href":"https:\/\/api.w.org\/{rel}","templated":true}]}}