{"id":254,"date":"2018-09-26T10:07:59","date_gmt":"2018-09-26T08:07:59","guid":{"rendered":"http:\/\/tagesmutter-in-graben-neudorf.de\/?page_id=254"},"modified":"2018-09-26T10:12:35","modified_gmt":"2018-09-26T08:12:35","slug":"tagespflege-fuer-kinder-oder-kindertagespflege","status":"publish","type":"page","link":"https:\/\/tagesmutter-in-graben-neudorf.de\/?page_id=254","title":{"rendered":"Tagespflege f\u00fcr Kinder oder Kindertagespflege"},"content":{"rendered":"<p><strong>Tagespflege f\u00fcr Kinde<\/strong>r oder <strong>Kindertagespflege<\/strong> ist ein Rechtsbegriff, der als \u00dcberbegriff f\u00fcr eine Vielzahl verschiedener Betreuungsformen gilt.<\/p>\n<p>Auch wenn die klassische Form der Kindertagespflege zahlenm\u00e4\u00dfig deutlich \u00fcberwiegt, gewinnen die Angebotsformen der Tagespflege in \u201eanderen geeigneten R\u00e4umen\u201c (TigeR) bzw. Zusammenschl\u00fcsse in Form von Gro\u00dftagespflegestellen an Bedeutung. Dabei ist zu ber\u00fccksichtigen, dass sich diese Formen zum Teil deutlich hinsichtlich der Betreuungssettings unterscheiden.<\/p>\n<p>Die rechtlichen Grundlagen von Kindertagespflege bilden eine Reihe von gesetzlichen Novellierungen des Achten Sozialgesetzbuchs (SGB VIII). Durch das Tagesbetreuungsausbaugesetz (TAG) von 2005 erhielt die Tagespflege f\u00fcr Kinder in Graben-Neudorf den gleichen F\u00f6rderauftrag wie die institutionellen Angebote der Kindertagesbetreuung. Kindertagespflege hat daher in gleicher umfassender Weise den Anspruch auf Bildung, Erziehung und Betreuung einzul\u00f6sen (\u00a7 22 SGB VIII).<\/p>\n<p>\u201eTageseinrichtungen f\u00fcr Kinder und Kindertagespflege sollen<\/p>\n<ul>\n<li>die Entwicklung des Kindes zu einer eigenverantwortlichen und gemeinschaftsf\u00e4higen Pers\u00f6nlichkeit f\u00f6rdern,<\/li>\n<li>die Erziehung und Bildung in der Familie unterst\u00fctzen und erg\u00e4nzen,<\/li>\n<li>den Eltern dabei helfen, Erwerbst\u00e4tigkeit und Kindererziehung besser miteinander vereinbaren zu k\u00f6nnen.\u201c<\/li>\n<\/ul>\n<p><strong>Eignung und Pflegeerlaubnis<\/strong><\/p>\n<p>Die Feststellung der Eignung ist rechtlich im Sozialgesetzbuch VIII (SGB VIII) in zwei Kontexten vorgegeben: einerseits werden im \u00a7 23 SGB VIII die Qualit\u00e4tsanforderungen an die Kindertagespflege zur F\u00f6rderung der Kinder formuliert (\u00a7 23 Abs. 3 SGB VIII), andererseits weist \u00a7 43 SGB VIII auf das staatliche W\u00e4chteramt hin, das von den Jugend\u00e4mtern zum Schutz der Kinder in Tagespflegeverh\u00e4ltnissen wahrzunehmen ist.<\/p>\n<p>Die sorgf\u00e4ltige Pr\u00fcfung der Eignung von Bewerberinnen und Bewerbern f\u00fcr die T\u00e4tigkeit als Tagesmutter bzw. Tagesvater ist ein zentrales Element der Qualit\u00e4tssicherung in der Kindertagespflege. Ohne eine eingehende Eignungspr\u00fcfung durch das Jugendamt darf kein Kind zu einer Tagespflegeperson vermittelt werden.<\/p>\n<p>Nach \u00a7\u00a7 23 Abs. 3 und 43 Abs. 2 SGB VIII ist eine Tagespflegeperson f\u00fcr die T\u00e4tigkeit in der Kindertagespflege geeignet,<\/p>\n<ul>\n<li>die sich durch Sachkompetenz und Bereitschaft zur Kooperation mit den Eltern und anderen Tagespflegepersonen auszeichnet,<\/li>\n<li>die selbst \u00fcber kindgerechte R\u00e4umlichkeiten verf\u00fcgt,<\/li>\n<li>die eine vertiefte, in qualifizierten Lehrg\u00e4ngen oder auf andere Weise erworbene Kenntnis \u00fcber die Anforderungen an eine T\u00e4tigkeit als Tagesbetreuungsperson nachweist.<\/li>\n<\/ul>\n<p>Neben der fachlichen Pr\u00fcfung und der Pr\u00fcfung der R\u00e4umlichkeiten, in denen die Kinder betreut werden, schreibt der Gesetzgeber auch die Pr\u00fcfung der \u201ePers\u00f6nlichkeit\u201c vor. Wie in keinem anderen p\u00e4dagogischen Bereich besteht mit dieser gesetzlichen Grundlage die M\u00f6glichkeit potenzielle Tagespflegepersonen auch hinsichtlich ihrer personalen Kompetenzen zu \u00fcberpr\u00fcfen.<\/p>\n<p>Weitere Informationen finden Sie <a href=\"https:\/\/tagesmutter-in-graben-neudorf.de\/\">hier<\/a>.<\/p>\n","protected":false},"excerpt":{"rendered":"<div class=\"mh-excerpt\"><p>Tagespflege f\u00fcr Kinder oder Kindertagespflege ist ein Rechtsbegriff, der als \u00dcberbegriff f\u00fcr eine Vielzahl verschiedener Betreuungsformen gilt. Auch wenn die klassische Form der Kindertagespflege zahlenm\u00e4\u00dfig deutlich \u00fcberwiegt, gewinnen die Angebotsformen der Tagespflege in \u201eanderen geeigneten <a class=\"mh-excerpt-more\" href=\"https:\/\/tagesmutter-in-graben-neudorf.de\/?page_id=254\" title=\"Tagespflege f\u00fcr Kinder oder Kindertagespflege\">[&#8230;]<\/a><\/p>\n<\/div>","protected":false},"author":1,"featured_media":0,"parent":0,"menu_order":0,"comment_status":"closed","ping_status":"closed","template":"","meta":{"footnotes":""},"_links":{"self":[{"href":"https:\/\/tagesmutter-in-graben-neudorf.de\/index.php?rest_route=\/wp\/v2\/pages\/254"}],"collection":[{"href":"https:\/\/tagesmutter-in-graben-neudorf.de\/index.php?rest_route=\/wp\/v2\/pages"}],"about":[{"href":"https:\/\/tagesmutter-in-graben-neudorf.de\/index.php?rest_route=\/wp\/v2\/types\/page"}],"author":[{"embeddable":true,"href":"https:\/\/tagesmutter-in-graben-neudorf.de\/index.php?rest_route=\/wp\/v2\/users\/1"}],"replies":[{"embeddable":true,"href":"https:\/\/tagesmutter-in-graben-neudorf.de\/index.php?rest_route=%2Fwp%2Fv2%2Fcomments&post=254"}],"version-history":[{"count":3,"href":"https:\/\/tagesmutter-in-graben-neudorf.de\/index.php?rest_route=\/wp\/v2\/pages\/254\/revisions"}],"predecessor-version":[{"id":258,"href":"https:\/\/tagesmutter-in-graben-neudorf.de\/index.php?rest_route=\/wp\/v2\/pages\/254\/revisions\/258"}],"wp:attachment":[{"href":"https:\/\/tagesmutter-in-graben-neudorf.de\/index.php?rest_route=%2Fwp%2Fv2%2Fmedia&parent=254"}],"curies":[{"name":"wp","href":"https:\/\/api.w.org\/{rel}","templated":true}]}}