{"id":104,"date":"2016-01-26T21:14:06","date_gmt":"2016-01-26T20:14:06","guid":{"rendered":"http:\/\/tagesmutter-in-graben-neudorf.de\/?page_id=104"},"modified":"2022-10-14T12:09:13","modified_gmt":"2022-10-14T10:09:13","slug":"kindertagespflege-in-76676-graben-neudorf","status":"publish","type":"page","link":"https:\/\/tagesmutter-in-graben-neudorf.de\/?page_id=104","title":{"rendered":"Kindertagespflege in 76676 Graben-Neudorf"},"content":{"rendered":"<h2>Ihre Kindertagespflege in 76676 Graben-Neudorf<\/h2>\n<p>Hallo und guten Tag liebe Eltern, ich hei\u00dfe Christin Kanowitz und wohne seit M\u00e4rz 2014 mit meiner Familie in Graben-Neudorf. Ich bin 1982 im S\u00f6mmerda zur Welt gekommen. Bis zur der Geburt meines Sohnes Timm stand ich voll im Arbeitssleben: Ich bin gelernte Einzelhandelskauffrau und habe viele Jahre in diesem Bereich gearbeitet.<\/p>\n<p>Aus eigener Erfahrung wei\u00df ich \u2013 Job und Familie k\u00f6nnen nicht immer perfekt miteinander vereinbart werden, gut dass es daf\u00fcr mich und meine Kindertagespflege gibt. Um anderen M\u00fcttern den Widereinstieg in das Berufsleben zu erleichtern, habe ich mich entschieden, das Problem an der Wurzel zu packen und er\u00f6ffnete meine Kindertagespflege in Graben-Neudorf.<\/p>\n<p>Als Tagesmutter bin ich zeitlich flexibel, wenn es ums Abgeben und Abholen Ihres Kindes geht. Dadurch brauchen Sie keine Zweitbetreuung f\u00fcr \u00dcbergangszeiten zu organisieren, besonders wenn Sie im Schichtdienst arbeiten.<\/p>\n<p>Als Mutter eines kleinen Jungen lassen Sie Ihr Kind bei einer Tagesmutter, die im Umgang mit Kindererziehung und -pflege vertraut ist. Eine gesunde Dosis elterlichen Instinkts und entsprechende Erfahrung rundet mich ab.\u00a0Ihr Kind ist bei mir tags\u00fcber gut betreut, kann mit anderen Kindern spielen und lernt so, soziale Kontakte zu kn\u00fcpfen.<\/p>\n<p>Ich habe im Dezember 2015 meinen Qualifikationskurs zur Tagesmutter beim Tageselternverein Bruchsal abgeschlossen. Ab Februar 2016 starte ich mit meiner Kindertagespflege in Graben-Neudorf. Ich habe aktuell noch freie Pl\u00e4tze zur Verf\u00fcgung.<\/p>\n<h3>Meine Familie<\/h3>\n<p>Seit 2008 bin ich gl\u00fccklich verheiratet. Am 10. Juli 2014 kam unser Sohn Timm auf die Welt. Mein Ehemann ist die meiste Zeit des Tages im Au\u00dfendienst unterwegs. Jede Minute die er Zuhause verbringt unterst\u00fctzt er mich in allen Dingen. Er steht voll hinter mir und meinem Beruf als Tagesmutter. Was aus meiner Sicht eine wichtige Grundlage ist, um diese T\u00e4tigkeit auszuf\u00fchren.<\/p>\n<p>Wir wohnen in einem sch\u00f6nen, gro\u00dfen Einfamilienhaus mit Garten. Bei sch\u00f6nem Wetter spielen die Kinder im Freien und k\u00f6nnen sich frei entfalten. Der Garten ist rundum von einem Zaun gesch\u00fctzt, so dass den Kleinen beim spielen nichts passieren kann.<\/p>\n<p>Komplettiert wird unser kleiner Haushalt durch unsere zwei Schmusetiger (Izzy und Lemmy) sowie unserer Katze Emma. Alle Tiere sind extrem kinderlieb und freuen sich stets \u00fcber Streicheleinheiten.<\/p>\n<p>\u00a0<\/p>\n\n\n<figure class=\"wp-block-image size-large\"><a href=\"https:\/\/tagesmutter-in-graben-neudorf.de\/wp-content\/uploads\/2022\/10\/IMG_20210410_134532-scaled-e1665742105795.jpg\"><img loading=\"lazy\" decoding=\"async\" width=\"768\" height=\"1024\" src=\"https:\/\/tagesmutter-in-graben-neudorf.de\/wp-content\/uploads\/2022\/10\/IMG_20210410_134532-768x1024.jpg\" alt=\"\" class=\"wp-image-304\"\/><\/a><\/figure>\n","protected":false},"excerpt":{"rendered":"<div class=\"mh-excerpt\"><p>Ihre Kindertagespflege in 76676 Graben-Neudorf Hallo und guten Tag liebe Eltern, ich hei\u00dfe Christin Kanowitz und wohne seit M\u00e4rz 2014 mit meiner Familie in Graben-Neudorf. Ich bin 1982 im S\u00f6mmerda zur Welt gekommen. Bis zur <a class=\"mh-excerpt-more\" href=\"https:\/\/tagesmutter-in-graben-neudorf.de\/?page_id=104\" title=\"Kindertagespflege in 76676 Graben-Neudorf\">[&#8230;]<\/a><\/p>\n<\/div>","protected":false},"author":1,"featured_media":0,"parent":0,"menu_order":0,"comment_status":"closed","ping_status":"closed","template":"","meta":{"footnotes":""},"_links":{"self":[{"href":"https:\/\/tagesmutter-in-graben-neudorf.de\/index.php?rest_route=\/wp\/v2\/pages\/104"}],"collection":[{"href":"https:\/\/tagesmutter-in-graben-neudorf.de\/index.php?rest_route=\/wp\/v2\/pages"}],"about":[{"href":"https:\/\/tagesmutter-in-graben-neudorf.de\/index.php?rest_route=\/wp\/v2\/types\/page"}],"author":[{"embeddable":true,"href":"https:\/\/tagesmutter-in-graben-neudorf.de\/index.php?rest_route=\/wp\/v2\/users\/1"}],"replies":[{"embeddable":true,"href":"https:\/\/tagesmutter-in-graben-neudorf.de\/index.php?rest_route=%2Fwp%2Fv2%2Fcomments&post=104"}],"version-history":[{"count":6,"href":"https:\/\/tagesmutter-in-graben-neudorf.de\/index.php?rest_route=\/wp\/v2\/pages\/104\/revisions"}],"predecessor-version":[{"id":323,"href":"https:\/\/tagesmutter-in-graben-neudorf.de\/index.php?rest_route=\/wp\/v2\/pages\/104\/revisions\/323"}],"wp:attachment":[{"href":"https:\/\/tagesmutter-in-graben-neudorf.de\/index.php?rest_route=%2Fwp%2Fv2%2Fmedia&parent=104"}],"curies":[{"name":"wp","href":"https:\/\/api.w.org\/{rel}","templated":true}]}}

<h2>Ihre Kindertagespflege in 76676 Graben-Neudorf</h2>
<p>Hallo und guten Tag liebe Eltern, ich heiße Christin Kanowitz und wohne seit März 2014 mit meiner Familie in Graben-Neudorf. Ich bin 1982 im Sömmerda zur Welt gekommen. Bis zur der Geburt meines Sohnes Timm stand ich voll im Arbeitssleben: Ich bin gelernte Einzelhandelskauffrau und habe viele Jahre in diesem Bereich gearbeitet.</p>
<p>Aus eigener Erfahrung weiß ich – Job und Familie können nicht immer perfekt miteinander vereinbart werden, gut dass es dafür mich und meine Kindertagespflege gibt. Um anderen Müttern den Widereinstieg in das Berufsleben zu erleichtern, habe ich mich entschieden, das Problem an der Wurzel zu packen und eröffnete meine Kindertagespflege in Graben-Neudorf.</p>
<p>Als Tagesmutter bin ich zeitlich flexibel, wenn es ums Abgeben und Abholen Ihres Kindes geht. Dadurch brauchen Sie keine Zweitbetreuung für Übergangszeiten zu organisieren, besonders wenn Sie im Schichtdienst arbeiten.</p>
<p>Als Mutter eines kleinen Jungen lassen Sie Ihr Kind bei einer Tagesmutter, die im Umgang mit Kindererziehung und -pflege vertraut ist. Eine gesunde Dosis elterlichen Instinkts und entsprechende Erfahrung rundet mich ab. Ihr Kind ist bei mir tagsüber gut betreut, kann mit anderen Kindern spielen und lernt so, soziale Kontakte zu knüpfen.</p>
<p>Ich habe im Dezember 2015 meinen Qualifikationskurs zur Tagesmutter beim Tageselternverein Bruchsal abgeschlossen. Ab Februar 2016 starte ich mit meiner Kindertagespflege in Graben-Neudorf. Ich habe aktuell noch freie Plätze zur Verfügung.</p>
<h3>Meine Familie</h3>
<p>Seit 2008 bin ich glücklich verheiratet. Am 10. Juli 2014 kam unser Sohn Timm auf die Welt. Mein Ehemann ist die meiste Zeit des Tages im Außendienst unterwegs. Jede Minute die er Zuhause verbringt unterstützt er mich in allen Dingen. Er steht voll hinter mir und meinem Beruf als Tagesmutter. Was aus meiner Sicht eine wichtige Grundlage ist, um diese Tätigkeit auszuführen.</p>
<p>Wir wohnen in einem schönen, großen Einfamilienhaus mit Garten. Bei schönem Wetter spielen die Kinder im Freien und können sich frei entfalten. Der Garten ist rundum von einem Zaun geschützt, so dass den Kleinen beim spielen nichts passieren kann.</p>
<p>Komplettiert wird unser kleiner Haushalt durch unsere zwei Schmusetiger (Izzy und Lemmy) sowie unserer Katze Emma. Alle Tiere sind extrem kinderlieb und freuen sich stets über Streicheleinheiten.</p>
<p> </p>


<figure class="wp-block-image size-large"><a href="https://tagesmutter-in-graben-neudorf.de/wp-content/uploads/2022/10/IMG_20210410_134532-scaled-e1665742105795.jpg"><img loading="lazy" decoding="async" width="768" height="1024" src="https://tagesmutter-in-graben-neudorf.de/wp-content/uploads/2022/10/IMG_20210410_134532-768x1024.jpg" alt="" class="wp-image-304"/></a></figure>

<div class="mh-excerpt"><p>Ihre Kindertagespflege in 76676 Graben-Neudorf Hallo und guten Tag liebe Eltern, ich heiße Christin Kanowitz und wohne seit März 2014 mit meiner Familie in Graben-Neudorf. Ich bin 1982 im Sömmerda zur Welt gekommen. Bis zur <a class="mh-excerpt-more" href="https://tagesmutter-in-graben-neudorf.de/?page_id=104" title="Kindertagespflege in 76676 Graben-Neudorf">[&#8230;]</a></p>
</div>
